{"id":1220,"date":"2023-12-29T00:04:53","date_gmt":"2023-12-29T00:04:53","guid":{"rendered":"https:\/\/dededen.com\/?page_id=1220"},"modified":"2023-12-30T10:21:23","modified_gmt":"2023-12-30T10:21:23","slug":"odeme-secenekleri","status":"publish","type":"page","link":"https:\/\/dededen.com\/index.php\/odeme-secenekleri\/","title":{"rendered":"\u00d6deme Se\u00e7enekleri"},"content":{"rendered":"\t\t<div data-elementor-type=\"wp-page\" data-elementor-id=\"1220\" class=\"elementor elementor-1220\" data-elementor-post-type=\"page\">\n\t\t\t\t<div class=\"elementor-element elementor-element-904e5ba e-con-full e-flex e-con e-parent\" data-id=\"904e5ba\" data-element_type=\"container\" data-e-type=\"container\" data-settings=\"{&quot;background_background&quot;:&quot;classic&quot;}\">\n\t\t\t\t<div class=\"elementor-element elementor-element-e9d5318 elementor-widget-mobile__width-initial elementor-widget elementor-widget-text-editor\" data-id=\"e9d5318\" data-element_type=\"widget\" data-e-type=\"widget\" data-widget_type=\"text-editor.default\">\n\t\t\t\t<div class=\"elementor-widget-container\">\n\t\t\t\t\t\t\t\t\t<p><strong>\u00d6deme Se\u00e7enekleri<\/strong><\/p><p>Websitemizden verdi\u011finiz sipari\u015flerde kredi kart\u0131 kullanarak \u00f6deme sayfas\u0131ndape\u015fin al\u0131\u015fveri\u015f yapabilirsiniz. Pe\u015fin al\u0131\u015fveri\u015flerde t\u00fcm bankalar\u0131n kredi kartlar\u0131n\u0131 kullanabilirsiniz.<br \/>Havale \/ EFT<br \/>Sipari\u015f olu\u015fturmak i\u00e7in 0536 292 72 19 numaral\u0131 WhatsApp hatt\u0131m\u0131z \u00fczeri \u00f6demesini havale \/ EFT ile yapabilirsiniz.<\/p><p>Havale i\u015flemini ger\u00e7ekle\u015ftirirken dikkat etmeniz gerekenler:<br \/>Kargo \u00fccreti dahil tam sipari\u015f tutar\u0131n\u0131z kadar transfer yapmal\u0131s\u0131n\u0131z.<br \/>EFT&#8217;li i\u015flemlerde Al\u0131c\u0131 ad\u0131n\u0131 &#8220;Familia G\u0131da Anonim \u015eirketi&#8221; olarak girmelisiniz.<br \/>T\u00fcm bilgileri eksiksiz ve do\u011fru olarak girdikten sonra havale i\u015flemini yapt\u0131\u011f\u0131n\u0131zda, sipari\u015finiz 1 i\u015f g\u00fcn\u00fc i\u00e7erisinde onaylan\u0131r.<br \/>Bankan\u0131z, bu i\u015flem i\u00e7in i\u015flem \u00fccreti alabilir.<\/p><p>Garanti Bankas\u0131 (TRY) Al\u0131c\u0131 Ad\u0131: Familia G\u0131da Anonim \u015eirketi<br \/>IBAN: TR84 0006 2000 1680 0006 2904 68<br \/>\u015eirket Unvan\u0131: Familia G\u0131da Anonim \u015eirketi<br \/>Mail: info@familiagida.com<br \/>Ticaret Sicil No: 64842 <br \/>Mersis No: 0385173899900001<br \/>Vergi Dairesi: \u015eehitkamil<br \/>Vergi Numaras\u0131: 3851738999 <br \/>M\u00fc\u015fteri Hizmetleri: 0536 292 72 19<br \/>Telefon: 0342 266 00 76<br \/>Adres: Ayd\u0131nlar Mah. 3056.Cad. No:22 \u015eehitkamil-Gaziantep\u00a0\/\u00a0T\u00fcrkiye<\/p>\t\t\t\t\t\t\t\t<\/div>\n\t\t\t\t<\/div>\n\t\t\t\t<\/div>\n\t\t\t\t<\/div>\n\t\t","protected":false},"excerpt":{"rendered":"<p>\u00d6deme Se\u00e7enekleri Websitemizden verdi\u011finiz sipari\u015flerde kredi kart\u0131 kullanarak \u00f6deme sayfas\u0131ndape\u015fin al\u0131\u015fveri\u015f yapabilirsiniz. Pe\u015fin al\u0131\u015fveri\u015flerde t\u00fcm bankalar\u0131n kredi kartlar\u0131n\u0131 kullanabilirsiniz.Havale \/ EFTSipari\u015f olu\u015fturmak i\u00e7in 0536 292 72 19 numaral\u0131 WhatsApp hatt\u0131m\u0131z \u00fczeri \u00f6demesini havale \/ EFT ile yapabilirsiniz. Havale i\u015flemini ger\u00e7ekle\u015ftirirken dikkat etmeniz gerekenler:Kargo \u00fccreti dahil tam sipari\u015f tutar\u0131n\u0131z kadar transfer yapmal\u0131s\u0131n\u0131z.EFT&#8217;li i\u015flemlerde Al\u0131c\u0131 ad\u0131n\u0131 &#8220;Familia [&hellip;]<\/p>\n","protected":false},"author":1,"featured_media":0,"parent":0,"menu_order":0,"comment_status":"closed","ping_status":"closed","template":"elementor_header_footer","meta":{"footnotes":""},"class_list":["post-1220","page","type-page","status-publish","hentry"],"yoast_head":"<!-- This site is optimized with the Yoast SEO plugin v27.3 - https:\/\/yoast.com\/product\/yoast-seo-wordpress\/ -->\n<title>\u00d6deme Se\u00e7enekleri - dededen<\/title>\n<meta name=\"robots\" content=\"index, follow, max-snippet:-1, max-image-preview:large, max-video-preview:-1\" \/>\n<link rel=\"canonical\" href=\"https:\/\/dededen.com\/index.php\/odeme-secenekleri\/\" \/>\n<meta property=\"og:locale\" content=\"tr_TR\" \/>\n<meta property=\"og:type\" content=\"article\" \/>\n<meta property=\"og:title\" content=\"\u00d6deme Se\u00e7enekleri - dededen\" \/>\n<meta property=\"og:description\" content=\"\u00d6deme Se\u00e7enekleri Websitemizden verdi\u011finiz sipari\u015flerde kredi kart\u0131 kullanarak \u00f6deme sayfas\u0131ndape\u015fin al\u0131\u015fveri\u015f yapabilirsiniz. Pe\u015fin al\u0131\u015fveri\u015flerde t\u00fcm bankalar\u0131n kredi kartlar\u0131n\u0131 kullanabilirsiniz.Havale \/ EFTSipari\u015f olu\u015fturmak i\u00e7in 0536 292 72 19 numaral\u0131 WhatsApp hatt\u0131m\u0131z \u00fczeri \u00f6demesini havale \/ EFT ile yapabilirsiniz. Havale i\u015flemini ger\u00e7ekle\u015ftirirken dikkat etmeniz gerekenler:Kargo \u00fccreti dahil tam sipari\u015f tutar\u0131n\u0131z kadar transfer yapmal\u0131s\u0131n\u0131z.EFT&#8217;li i\u015flemlerde Al\u0131c\u0131 ad\u0131n\u0131 &#8220;Familia [&hellip;]\" \/>\n<meta property=\"og:url\" content=\"https:\/\/dededen.com\/index.php\/odeme-secenekleri\/\" \/>\n<meta property=\"og:site_name\" content=\"dededen\" \/>\n<meta property=\"article:modified_time\" content=\"2023-12-30T10:21:23+00:00\" \/>\n<meta name=\"twitter:card\" content=\"summary_large_image\" \/>\n<meta name=\"twitter:label1\" content=\"Tahmini okuma s\u00fcresi\" \/>\n\t<meta name=\"twitter:data1\" content=\"1 dakika\" \/>\n<!-- \/ Yoast SEO plugin. -->","yoast_head_json":{"title":"\u00d6deme Se\u00e7enekleri - dededen","robots":{"index":"index","follow":"follow","max-snippet":"max-snippet:-1","max-image-preview":"max-image-preview:large","max-video-preview":"max-video-preview:-1"},"canonical":"https:\/\/dededen.com\/index.php\/odeme-secenekleri\/","og_locale":"tr_TR","og_type":"article","og_title":"\u00d6deme Se\u00e7enekleri - dededen","og_description":"\u00d6deme Se\u00e7enekleri Websitemizden verdi\u011finiz sipari\u015flerde kredi kart\u0131 kullanarak \u00f6deme sayfas\u0131ndape\u015fin al\u0131\u015fveri\u015f yapabilirsiniz. Pe\u015fin al\u0131\u015fveri\u015flerde t\u00fcm bankalar\u0131n kredi kartlar\u0131n\u0131 kullanabilirsiniz.Havale \/ EFTSipari\u015f olu\u015fturmak i\u00e7in 0536 292 72 19 numaral\u0131 WhatsApp hatt\u0131m\u0131z \u00fczeri \u00f6demesini havale \/ EFT ile yapabilirsiniz. Havale i\u015flemini ger\u00e7ekle\u015ftirirken dikkat etmeniz gerekenler:Kargo \u00fccreti dahil tam sipari\u015f tutar\u0131n\u0131z kadar transfer yapmal\u0131s\u0131n\u0131z.EFT&#8217;li i\u015flemlerde Al\u0131c\u0131 ad\u0131n\u0131 &#8220;Familia [&hellip;]","og_url":"https:\/\/dededen.com\/index.php\/odeme-secenekleri\/","og_site_name":"dededen","article_modified_time":"2023-12-30T10:21:23+00:00","twitter_card":"summary_large_image","twitter_misc":{"Tahmini okuma s\u00fcresi":"1 dakika"},"schema":{"@context":"https:\/\/schema.org","@graph":[{"@type":"WebPage","@id":"https:\/\/dededen.com\/index.php\/odeme-secenekleri\/","url":"https:\/\/dededen.com\/index.php\/odeme-secenekleri\/","name":"\u00d6deme Se\u00e7enekleri - dededen","isPartOf":{"@id":"https:\/\/dededen.com\/#website"},"datePublished":"2023-12-29T00:04:53+00:00","dateModified":"2023-12-30T10:21:23+00:00","breadcrumb":{"@id":"https:\/\/dededen.com\/index.php\/odeme-secenekleri\/#breadcrumb"},"inLanguage":"tr","potentialAction":[{"@type":"ReadAction","target":["https:\/\/dededen.com\/index.php\/odeme-secenekleri\/"]}]},{"@type":"BreadcrumbList","@id":"https:\/\/dededen.com\/index.php\/odeme-secenekleri\/#breadcrumb","itemListElement":[{"@type":"ListItem","position":1,"name":"Anasayfa","item":"https:\/\/dededen.com\/"},{"@type":"ListItem","position":2,"name":"\u00d6deme Se\u00e7enekleri"}]},{"@type":"WebSite","@id":"https:\/\/dededen.com\/#website","url":"https:\/\/dededen.com\/","name":"dededen","description":"\u201cDededen\u201d bir Familia G\u0131da markas\u0131d\u0131r\u00ae\u201cDededen\u201d is a Familia Food Inc.\u00a0Company\u00a0brand\u00ae","publisher":{"@id":"https:\/\/dededen.com\/#organization"},"potentialAction":[{"@type":"SearchAction","target":{"@type":"EntryPoint","urlTemplate":"https:\/\/dededen.com\/?s={search_term_string}"},"query-input":{"@type":"PropertyValueSpecification","valueRequired":true,"valueName":"search_term_string"}}],"inLanguage":"tr"},{"@type":"Organization","@id":"https:\/\/dededen.com\/#organization","name":"dededen","url":"https:\/\/dededen.com\/","logo":{"@type":"ImageObject","inLanguage":"tr","@id":"https:\/\/dededen.com\/#\/schema\/logo\/image\/","url":"https:\/\/dededen.com\/wp-content\/uploads\/2024\/12\/dededen-fav.png","contentUrl":"https:\/\/dededen.com\/wp-content\/uploads\/2024\/12\/dededen-fav.png","width":512,"height":512,"caption":"dededen"},"image":{"@id":"https:\/\/dededen.com\/#\/schema\/logo\/image\/"},"sameAs":["https:\/\/www.instagram.com\/de.de.den\/"]}]}},"_links":{"self":[{"href":"https:\/\/dededen.com\/index.php\/wp-json\/wp\/v2\/pages\/1220","targetHints":{"allow":["GET"]}}],"collection":[{"href":"https:\/\/dededen.com\/index.php\/wp-json\/wp\/v2\/pages"}],"about":[{"href":"https:\/\/dededen.com\/index.php\/wp-json\/wp\/v2\/types\/page"}],"author":[{"embeddable":true,"href":"https:\/\/dededen.com\/index.php\/wp-json\/wp\/v2\/users\/1"}],"replies":[{"embeddable":true,"href":"https:\/\/dededen.com\/index.php\/wp-json\/wp\/v2\/comments?post=1220"}],"version-history":[{"count":19,"href":"https:\/\/dededen.com\/index.php\/wp-json\/wp\/v2\/pages\/1220\/revisions"}],"predecessor-version":[{"id":1629,"href":"https:\/\/dededen.com\/index.php\/wp-json\/wp\/v2\/pages\/1220\/revisions\/1629"}],"wp:attachment":[{"href":"https:\/\/dededen.com\/index.php\/wp-json\/wp\/v2\/media?parent=1220"}],"curies":[{"name":"wp","href":"https:\/\/api.w.org\/{rel}","templated":true}]}}